{"id":3203,"date":"2025-03-29T17:23:05","date_gmt":"2025-03-29T20:23:05","guid":{"rendered":"https:\/\/crtpublicidade.com.br\/raibanesprev\/?page_id=3203"},"modified":"2025-04-07T17:29:11","modified_gmt":"2025-04-07T20:29:11","slug":"despesas-administrativas","status":"publish","type":"page","link":"https:\/\/crtpublicidade.com.br\/raibanesprev\/plano-cd\/despesas-administrativas\/","title":{"rendered":"Despesas Administrativas"},"content":{"rendered":"\t\t<div data-elementor-type=\"wp-page\" data-elementor-id=\"3203\" class=\"elementor elementor-3203\">\n\t\t\t\t\t\t<section class=\"elementor-section elementor-top-section elementor-element elementor-element-57c4f161 elementor-section-boxed elementor-section-height-default elementor-section-height-default\" data-id=\"57c4f161\" data-element_type=\"section\">\n\t\t\t\t\t\t<div class=\"elementor-container elementor-column-gap-default\">\n\t\t\t\t\t<div class=\"elementor-column elementor-col-50 elementor-top-column elementor-element elementor-element-30d7e290\" data-id=\"30d7e290\" data-element_type=\"column\">\n\t\t\t<div class=\"elementor-widget-wrap elementor-element-populated\">\n\t\t\t\t\t\t<div class=\"elementor-element elementor-element-74ab0a6b elementor-widget elementor-widget-heading\" data-id=\"74ab0a6b\" data-element_type=\"widget\" data-widget_type=\"heading.default\">\n\t\t\t\t<div class=\"elementor-widget-container\">\n\t\t\t\t\t<h2 class=\"elementor-heading-title elementor-size-default\">Despesas Administrativas<\/h2>\t\t\t\t<\/div>\n\t\t\t\t<\/div>\n\t\t\t\t\t<\/div>\n\t\t<\/div>\n\t\t\t\t<div class=\"elementor-column elementor-col-50 elementor-top-column elementor-element elementor-element-41566f51\" data-id=\"41566f51\" data-element_type=\"column\" data-settings=\"{&quot;background_background&quot;:&quot;classic&quot;}\">\n\t\t\t<div class=\"elementor-widget-wrap elementor-element-populated\">\n\t\t\t\t\t<div class=\"elementor-background-overlay\"><\/div>\n\t\t\t\t\t\t<div class=\"elementor-element elementor-element-76c35aa6 elementor-widget elementor-widget-spacer\" data-id=\"76c35aa6\" data-element_type=\"widget\" data-widget_type=\"spacer.default\">\n\t\t\t\t<div class=\"elementor-widget-container\">\n\t\t\t\t\t\t\t<div class=\"elementor-spacer\">\n\t\t\t<div class=\"elementor-spacer-inner\"><\/div>\n\t\t<\/div>\n\t\t\t\t\t\t<\/div>\n\t\t\t\t<\/div>\n\t\t\t\t\t<\/div>\n\t\t<\/div>\n\t\t\t\t\t<\/div>\n\t\t<\/section>\n\t\t\t\t<section class=\"elementor-section elementor-top-section elementor-element elementor-element-45b9dabe table_banesprev_pai elementor-section-boxed elementor-section-height-default elementor-section-height-default\" data-id=\"45b9dabe\" data-element_type=\"section\">\n\t\t\t\t\t\t<div class=\"elementor-container elementor-column-gap-default\">\n\t\t\t\t\t<div class=\"elementor-column elementor-col-100 elementor-top-column elementor-element elementor-element-7faabb85\" data-id=\"7faabb85\" data-element_type=\"column\">\n\t\t\t<div class=\"elementor-widget-wrap elementor-element-populated\">\n\t\t\t\t\t\t<div class=\"elementor-element elementor-element-2c07ea3b elementor-widget elementor-widget-heading\" data-id=\"2c07ea3b\" data-element_type=\"widget\" data-widget_type=\"heading.default\">\n\t\t\t\t<div class=\"elementor-widget-container\">\n\t\t\t\t\t<h2 class=\"elementor-heading-title elementor-size-default\">Plano CD<\/h2>\t\t\t\t<\/div>\n\t\t\t\t<\/div>\n\t\t\t\t<div class=\"elementor-element elementor-element-481d76a6 elementor-widget elementor-widget-html\" data-id=\"481d76a6\" data-element_type=\"widget\" data-widget_type=\"html.default\">\n\t\t\t\t<div class=\"elementor-widget-container\">\n\t\t\t\t\t\n<table class=\"table table_banesprev_maxima\">\n    <thead>\n        <tr>\n            <th>Descri\u00e7\u00e3o<\/th>\n            <th>Acumulado no Ano (R$)<\/th>\n            <th>% Sobre o Total<\/th>\n        <\/tr>\n    <\/thead>\n    <tbody>\n        <tr>\n            <td><b>DESPESAS<\/b><\/td>\n            <td><b>1.917.145,55<\/b> <\/td>\n            <td><b>100,00%<\/b><\/td>\n        <\/tr>\n        <tr>\n            <td>\n                <b>ADMINISTRA\u00c7\u00c3O DOS PLANOS PREVIDENCIAIS<\/b><\/td>\n            <td><b>1.917.145,55<\/b> <\/td>\n            <td><b>100,00%<\/b><\/td>\n        <\/tr>\n        <tr>\n            <td style=\"padding-left:50px\"> <b>PESSOAL E ENCARGOS<\/b><\/td>\n            <td>157.981,37 <\/td>\n            <td>8,24%<\/td>\n        <\/tr>\n        <tr>\n            <td style=\"padding-left:90px\"> DIRIGENTES<\/td>\n            <td>31.880,60 <\/td>\n            <td>1,66%<\/td>\n        <\/tr>\n        <tr>\n            <td style=\"padding-left:90px\"> PESSOAL PR\u00d3PRIO<\/td>\n            <td>125.648,53 <\/td>\n            <td>6,55%<\/td>\n        <\/tr>\n        <tr>\n            <td style=\"padding-left:90px\"> ESTAGI\u00c1RIOS\/JOVENS APRENDIZES<\/td>\n            <td>452,24 <\/td>\n            <td>0,02%<\/td>\n        <\/tr>\n        <tr>\n            <td style=\"padding-left:50px\"> <b>TREINAMENTOS\/CONGRESSOS E SEMIN\u00c1RIOS<\/b><\/td>\n            <td>1.994,54 <\/td>\n            <td>0,10%<\/td>\n        <\/tr>\n        <tr>\n            <td style=\"padding-left:50px\"> <b>SERVI\u00c7OS DE TERCEIROS<\/b><\/td>\n            <td>1.269.161,85 <\/td>\n            <td>66,20%<\/td>\n        <\/tr>\n        <tr>\n            <td style=\"padding-left:90px\"> SERVI\u00c7OS ATUARIAIS<\/td>\n            <td>802.331,68 <\/td>\n            <td>41,85%<\/td>\n        <\/tr>\n        <tr>\n            <td style=\"padding-left:90px\"> SERVI\u00c7OS JUR\u00cdDICOS<\/td>\n            <td>103.484,93 <\/td>\n            <td>5,40%<\/td>\n        <\/tr>\n        <tr>\n            <td style=\"padding-left:90px\"> TECNOLOGIA DA INFORMA\u00c7\u00c3O<\/td>\n            <td>166.405,72 <\/td>\n            <td>8,68%<\/td>\n        <\/tr>\n        <tr>\n            <td style=\"padding-left:90px\"> GEST\u00c3O\/PLANEJAMENTO ESTRAT\u00c9GICO<\/td>\n            <td>89,83 <\/td>\n            <td>0,00%<\/td>\n        <\/tr>\n        <tr>\n            <td style=\"padding-left:90px\"> AUDITORIA CONT\u00c1BIL<\/td>\n            <td>6.656,94 <\/td>\n            <td>0,35%<\/td>\n        <\/tr>\n        <tr>\n            <td style=\"padding-left:90px\"> SERVI\u00c7OS E CONSULTORIAS DE INVESTIMENTOS<\/td>\n            <td>222,16 <\/td>\n            <td>0,01%<\/td>\n        <\/tr>\n        <tr>\n            <td style=\"padding-left:90px\"> OUTROS<\/td>\n            <td>185.969,50 <\/td>\n            <td>9,70%<\/td>\n        <\/tr>\n        <tr>\n            <td style=\"padding-left:50px\"> <b>DESPESAS GERAIS<\/b><\/td>\n            <td>354.660,55 <\/td>\n            <td>18,50%<\/td>\n        <\/tr>\n        <tr>\n            <td style=\"padding-left:90px\"> Judiciais<\/td>\n            <td>109.324,22 <\/td>\n            <td>5,70%<\/td>\n        <\/tr>\n        <tr>\n            <td style=\"padding-left:90px\"> Cart\u00f3rios<\/td>\n            <td>329,55 <\/td>\n            <td>0,02%<\/td>\n        <\/tr>\n        <tr>\n            <td style=\"padding-left:90px\"> Aluguel Predial<\/td>\n            <td>9.039,83 <\/td>\n            <td>0,47%<\/td>\n        <\/tr>\n        <tr>\n            <td style=\"padding-left:90px\"> Correios<\/td>\n            <td>62.329,78 <\/td>\n            <td>3,25%<\/td>\n        <\/tr>\n        <tr>\n            <td style=\"padding-left:90px\"> Aluguel de Equipamentos<\/td>\n            <td>360,74 <\/td>\n            <td>0,02%<\/td>\n        <\/tr>\n        <tr>\n            <td style=\"padding-left:90px\"> Outras Despesas Gerais<\/td>\n            <td>1.301,36 <\/td>\n            <td>0,07%<\/td>\n        <\/tr>\n        <tr>\n            <td style=\"padding-left:50px\"> <b>DEPRECIA\u00c7\u00d5ES E AMORTIZA\u00c7\u00d5ES<\/b><\/td>\n            <td>1.024,73 <\/td>\n            <td>0,05%<\/td>\n        <\/tr>\n        <tr>\n            <td style=\"padding-left:50px\"> <b>TRIBUTOS<\/b><\/td>\n            <td>131.927,19 <\/td>\n            <td>6,88%<\/td>\n        <\/tr>\n        <tr>\n            <td style=\"padding-left:90px\"> PIS<\/td>\n            <td>8.315,79 <\/td>\n            <td>0,43%<\/td>\n        <\/tr>\n        <tr>\n            <td style=\"padding-left:90px\"> COFINS<\/td>\n            <td>51.174,23 <\/td>\n            <td>2,67%<\/td>\n        <\/tr>\n        <tr>\n            <td style=\"padding-left:90px\"> TAFIC<\/td>\n            <td>60.000,00 <\/td>\n            <td>3,13%<\/td>\n        <\/tr>\n    <\/tbody>\n<\/table>\n\t\t\t\t<\/div>\n\t\t\t\t<\/div>\n\t\t\t\t\t<\/div>\n\t\t<\/div>\n\t\t\t\t\t<\/div>\n\t\t<\/section>\n\t\t\t\t<\/div>\n\t\t","protected":false},"excerpt":{"rendered":"<p>Despesas Administrativas Plano CD Descri\u00e7\u00e3o Acumulado no Ano (R$) % Sobre o Total DESPESAS 1.917.145,55 100,00% ADMINISTRA\u00c7\u00c3O DOS PLANOS PREVIDENCIAIS 1.917.145,55 100,00% PESSOAL E ENCARGOS 157.981,37 8,24% DIRIGENTES 31.880,60 1,66% PESSOAL PR\u00d3PRIO 125.648,53 6,55% ESTAGI\u00c1RIOS\/JOVENS APRENDIZES 452,24 0,02% TREINAMENTOS\/CONGRESSOS E SEMIN\u00c1RIOS 1.994,54 0,10% SERVI\u00c7OS DE TERCEIROS 1.269.161,85 66,20% SERVI\u00c7OS ATUARIAIS 802.331,68 41,85% SERVI\u00c7OS JUR\u00cdDICOS 103.484,93 [&hellip;]<\/p>\n","protected":false},"author":1,"featured_media":0,"parent":2982,"menu_order":5,"comment_status":"closed","ping_status":"closed","template":"","meta":{"footnotes":""},"class_list":["post-3203","page","type-page","status-publish","hentry"],"acf":[],"_links":{"self":[{"href":"https:\/\/crtpublicidade.com.br\/raibanesprev\/wp-json\/wp\/v2\/pages\/3203","targetHints":{"allow":["GET"]}}],"collection":[{"href":"https:\/\/crtpublicidade.com.br\/raibanesprev\/wp-json\/wp\/v2\/pages"}],"about":[{"href":"https:\/\/crtpublicidade.com.br\/raibanesprev\/wp-json\/wp\/v2\/types\/page"}],"author":[{"embeddable":true,"href":"https:\/\/crtpublicidade.com.br\/raibanesprev\/wp-json\/wp\/v2\/users\/1"}],"replies":[{"embeddable":true,"href":"https:\/\/crtpublicidade.com.br\/raibanesprev\/wp-json\/wp\/v2\/comments?post=3203"}],"version-history":[{"count":14,"href":"https:\/\/crtpublicidade.com.br\/raibanesprev\/wp-json\/wp\/v2\/pages\/3203\/revisions"}],"predecessor-version":[{"id":4743,"href":"https:\/\/crtpublicidade.com.br\/raibanesprev\/wp-json\/wp\/v2\/pages\/3203\/revisions\/4743"}],"up":[{"embeddable":true,"href":"https:\/\/crtpublicidade.com.br\/raibanesprev\/wp-json\/wp\/v2\/pages\/2982"}],"wp:attachment":[{"href":"https:\/\/crtpublicidade.com.br\/raibanesprev\/wp-json\/wp\/v2\/media?parent=3203"}],"curies":[{"name":"wp","href":"https:\/\/api.w.org\/{rel}","templated":true}]}}