{"id":2832,"date":"2025-03-28T16:06:31","date_gmt":"2025-03-28T19:06:31","guid":{"rendered":"https:\/\/crtpublicidade.com.br\/raibanesprev\/?page_id=2832"},"modified":"2026-04-29T20:44:22","modified_gmt":"2026-04-29T23:44:22","slug":"despesas-administrativas","status":"publish","type":"page","link":"https:\/\/crtpublicidade.com.br\/raibanesprev\/raibanesprev2025\/despesas-administrativas\/","title":{"rendered":"Despesas Administrativas"},"content":{"rendered":"\t\t<div data-elementor-type=\"wp-page\" data-elementor-id=\"2832\" class=\"elementor elementor-2832\">\n\t\t\t\t\t\t<section class=\"elementor-section elementor-top-section elementor-element elementor-element-1eff07a0 elementor-section-boxed elementor-section-height-default elementor-section-height-default\" data-id=\"1eff07a0\" data-element_type=\"section\">\n\t\t\t\t\t\t<div class=\"elementor-container elementor-column-gap-default\">\n\t\t\t\t\t<div class=\"elementor-column elementor-col-50 elementor-top-column elementor-element elementor-element-12ddaa68\" data-id=\"12ddaa68\" data-element_type=\"column\">\n\t\t\t<div class=\"elementor-widget-wrap elementor-element-populated\">\n\t\t\t\t\t\t<div class=\"elementor-element elementor-element-12990fa3 elementor-widget elementor-widget-heading\" data-id=\"12990fa3\" data-element_type=\"widget\" data-widget_type=\"heading.default\">\n\t\t\t\t<div class=\"elementor-widget-container\">\n\t\t\t\t\t<h2 class=\"elementor-heading-title elementor-size-default\">Despesas Administrativas<\/h2>\t\t\t\t<\/div>\n\t\t\t\t<\/div>\n\t\t\t\t\t<\/div>\n\t\t<\/div>\n\t\t\t\t<div class=\"elementor-column elementor-col-50 elementor-top-column elementor-element elementor-element-19f0bb2b\" data-id=\"19f0bb2b\" data-element_type=\"column\" data-settings=\"{&quot;background_background&quot;:&quot;classic&quot;}\">\n\t\t\t<div class=\"elementor-widget-wrap elementor-element-populated\">\n\t\t\t\t\t<div class=\"elementor-background-overlay\"><\/div>\n\t\t\t\t\t\t<div class=\"elementor-element elementor-element-28a4380f elementor-widget elementor-widget-spacer\" data-id=\"28a4380f\" data-element_type=\"widget\" data-widget_type=\"spacer.default\">\n\t\t\t\t<div class=\"elementor-widget-container\">\n\t\t\t\t\t\t\t<div class=\"elementor-spacer\">\n\t\t\t<div class=\"elementor-spacer-inner\"><\/div>\n\t\t<\/div>\n\t\t\t\t\t\t<\/div>\n\t\t\t\t<\/div>\n\t\t\t\t\t<\/div>\n\t\t<\/div>\n\t\t\t\t\t<\/div>\n\t\t<\/section>\n\t\t\t\t<section class=\"elementor-section elementor-top-section elementor-element elementor-element-4bc42a57 table_banesprev_pai elementor-section-boxed elementor-section-height-default elementor-section-height-default\" data-id=\"4bc42a57\" data-element_type=\"section\">\n\t\t\t\t\t\t<div class=\"elementor-container elementor-column-gap-default\">\n\t\t\t\t\t<div class=\"elementor-column elementor-col-100 elementor-top-column elementor-element elementor-element-70d2bd7f\" data-id=\"70d2bd7f\" data-element_type=\"column\">\n\t\t\t<div class=\"elementor-widget-wrap elementor-element-populated\">\n\t\t\t\t\t\t<div class=\"elementor-element elementor-element-6d03b448 elementor-widget elementor-widget-heading\" data-id=\"6d03b448\" data-element_type=\"widget\" data-widget_type=\"heading.default\">\n\t\t\t\t<div class=\"elementor-widget-container\">\n\t\t\t\t\t<h2 class=\"elementor-heading-title elementor-size-default\">Consolidado<\/h2>\t\t\t\t<\/div>\n\t\t\t\t<\/div>\n\t\t\t\t<div class=\"elementor-element elementor-element-4e2c3349 elementor-widget elementor-widget-html\" data-id=\"4e2c3349\" data-element_type=\"widget\" data-widget_type=\"html.default\">\n\t\t\t\t<div class=\"elementor-widget-container\">\n\t\t\t\t\t\n<table class=\"table table_banesprev_maxima\">\n\n    <thead>\n        <tr>\n            <th>Descri\u00e7\u00e3o<\/th>\n            <th>Acumulado do ano<\/th>\n            <th>% sobre o total<\/th>\n        <\/tr>\n    <\/thead>\n\n    <tbody>\n        <tr>\n            <td><strong>DESPESAS<\/strong><\/td>\n            <td><strong>36.064.557,00<\/strong><\/td>\n            <td><strong>100,00%<\/strong><\/td>\n        <\/tr>\n\n        <tr>\n            <td><strong>ADMINISTRA\u00c7\u00c3O DOS PLANOS PREVIDENCIAIS<\/strong><\/td>\n            <td><strong>36.064.557,00<\/strong><\/td>\n            <td><strong>100,00%<\/strong><\/td>\n        <\/tr>\n\n        <tr>\n            <td class=\"lvl-1\"><strong>PESSOAL E ENCARGOS<\/strong><\/td>\n            <td>12.798.761,93<\/td>\n            <td>35,49%<\/td>\n        <\/tr>\n        <tr>\n            <td class=\"lvl-2\">Dirigentes<\/td>\n            <td>2.962.506,80<\/td>\n            <td>8,21%<\/td>\n        <\/tr>\n        <tr>\n            <td class=\"lvl-2\">Pessoal Pr\u00f3prio<\/td>\n            <td>9.778.430,99<\/td>\n            <td>27,11%<\/td>\n        <\/tr>\n        <tr>\n            <td class=\"lvl-2\">Estagi\u00e1rios\/Jovens Aprendizes<\/td>\n            <td>46.274,15<\/td>\n            <td>0,13%<\/td>\n        <\/tr>\n\n        <tr>\n            <td class=\"lvl-1\"><strong>TREINAMENTOS\/CONGRESSOS E SEMIN\u00c1RIOS<\/strong><\/td>\n            <td>165.366,03<\/td>\n            <td>0,46%<\/td>\n        <\/tr>\n\n        <tr>\n            <td class=\"lvl-1\"><strong>SERVI\u00c7OS DE TERCEIROS<\/strong><\/td>\n            <td>12.823.265,66<\/td>\n            <td>35,56%<\/td>\n        <\/tr>\n        <tr>\n            <td class=\"lvl-2\">Servi\u00e7os atuariais<\/td>\n            <td>2.106.341,56<\/td>\n            <td>5,84%<\/td>\n        <\/tr>\n        <tr>\n            <td class=\"lvl-2\">Servi\u00e7os jur\u00eddicos<\/td>\n            <td>2.857.446,92<\/td>\n            <td>7,92%<\/td>\n        <\/tr>\n        <tr>\n            <td class=\"lvl-2\">Tecnologia da informa\u00e7\u00e3o<\/td>\n            <td>4.875.736,90<\/td>\n            <td>13,52%<\/td>\n        <\/tr>\n        <tr>\n            <td class=\"lvl-2\">Gest\u00e3o\/planejamento estrat\u00e9gico<\/td>\n            <td>4.740,00<\/td>\n            <td>0,01%<\/td>\n        <\/tr>\n        <tr>\n            <td class=\"lvl-2\">Auditoria cont\u00e1bil<\/td>\n            <td>492.048,40<\/td>\n            <td>1,36%<\/td>\n        <\/tr>\n        <tr>\n            <td class=\"lvl-2\">Servi\u00e7os e consultorias de investimentos<\/td>\n            <td>114.749,78<\/td>\n            <td>0,32%<\/td>\n        <\/tr>\n        <tr>\n            <td class=\"lvl-2\">Outros<\/td>\n            <td>2.325.772,95<\/td>\n            <td>6,45%<\/td>\n        <\/tr>\n\n        <tr>\n            <td class=\"lvl-1\"><strong>DESPESAS GERAIS<\/strong><\/td>\n            <td>4.867.505,98<\/td>\n            <td>13,50%<\/td>\n        <\/tr>\n        <tr>\n            <td class=\"lvl-2\">Judiciais<\/td>\n            <td>1.483.726,56<\/td>\n            <td>4,11%<\/td>\n        <\/tr>\n        <tr>\n            <td class=\"lvl-2\">Cart\u00f3rios<\/td>\n            <td>30.849,27<\/td>\n            <td>0,09%<\/td>\n        <\/tr>\n        <tr>\n            <td class=\"lvl-2\">Aluguel Predial<\/td>\n            <td>0,00<\/td>\n            <td>0,00%<\/td>\n        <\/tr>\n        <tr>\n            <td class=\"lvl-2\">Correios<\/td>\n            <td>77.874,17<\/td>\n            <td>0,22%<\/td>\n        <\/tr>\n        <tr>\n            <td class=\"lvl-2\">Aluguel de Equipamentos<\/td>\n            <td>24.893,27<\/td>\n            <td>0,07%<\/td>\n        <\/tr>\n        <tr>\n            <td class=\"lvl-2\">Outras Despesas Gerais<\/td>\n            <td>39.268,00<\/td>\n            <td>0,11%<\/td>\n        <\/tr>\n\n        <tr>\n            <td class=\"lvl-1\"><strong>DEPRECIA\u00c7\u00d5ES E AMORTIZA\u00c7\u00d5ES<\/strong><\/td>\n            <td>69.580,00<\/td>\n            <td>0,19%<\/td>\n        <\/tr>\n\n        <tr>\n            <td class=\"lvl-1\"><strong>TRIBUTOS<\/strong><\/td>\n            <td>5.273.615,04<\/td>\n            <td>14,62%<\/td>\n        <\/tr>\n        <tr>\n            <td class=\"lvl-2\">PIS<\/td>\n            <td>394.344,49<\/td>\n            <td>1,09%<\/td>\n        <\/tr>\n        <tr>\n            <td class=\"lvl-2\">COFINS<\/td>\n            <td>2.426.735,17<\/td>\n            <td>6,73%<\/td>\n        <\/tr>\n        <tr>\n            <td class=\"lvl-2\">TAFIC<\/td>\n            <td>2.447.625,00<\/td>\n            <td>6,79%<\/td>\n        <\/tr>\n    <\/tbody>\n\n<\/table>\t\t\t\t<\/div>\n\t\t\t\t<\/div>\n\t\t\t\t\t<\/div>\n\t\t<\/div>\n\t\t\t\t\t<\/div>\n\t\t<\/section>\n\t\t\t\t<section class=\"elementor-section elementor-top-section elementor-element elementor-element-d707779 elementor-section-boxed elementor-section-height-default elementor-section-height-default\" data-id=\"d707779\" data-element_type=\"section\">\n\t\t\t\t\t\t<div class=\"elementor-container elementor-column-gap-default\">\n\t\t\t\t\t<div class=\"elementor-column elementor-col-50 elementor-top-column elementor-element elementor-element-2a050cd\" data-id=\"2a050cd\" data-element_type=\"column\">\n\t\t\t<div class=\"elementor-widget-wrap elementor-element-populated\">\n\t\t\t\t\t\t<div class=\"elementor-element elementor-element-5e70fe0 elementor-widget elementor-widget-heading\" data-id=\"5e70fe0\" data-element_type=\"widget\" data-widget_type=\"heading.default\">\n\t\t\t\t<div class=\"elementor-widget-container\">\n\t\t\t\t\t<h2 class=\"elementor-heading-title elementor-size-default\">Indicadores de Gest\u00e3o Administrativa Consolidada (R$ mil)<\/h2>\t\t\t\t<\/div>\n\t\t\t\t<\/div>\n\t\t\t\t\t<\/div>\n\t\t<\/div>\n\t\t\t\t<div class=\"elementor-column elementor-col-50 elementor-top-column elementor-element elementor-element-0bc64ba\" data-id=\"0bc64ba\" data-element_type=\"column\" data-settings=\"{&quot;background_background&quot;:&quot;classic&quot;}\">\n\t\t\t<div class=\"elementor-widget-wrap elementor-element-populated\">\n\t\t\t\t\t<div class=\"elementor-background-overlay\"><\/div>\n\t\t\t\t\t\t<div class=\"elementor-element elementor-element-dbeaea5 elementor-widget elementor-widget-spacer\" data-id=\"dbeaea5\" data-element_type=\"widget\" data-widget_type=\"spacer.default\">\n\t\t\t\t<div class=\"elementor-widget-container\">\n\t\t\t\t\t\t\t<div class=\"elementor-spacer\">\n\t\t\t<div class=\"elementor-spacer-inner\"><\/div>\n\t\t<\/div>\n\t\t\t\t\t\t<\/div>\n\t\t\t\t<\/div>\n\t\t\t\t\t<\/div>\n\t\t<\/div>\n\t\t\t\t\t<\/div>\n\t\t<\/section>\n\t\t\t\t<section class=\"elementor-section elementor-top-section elementor-element elementor-element-d105e44 table_banesprev_pai elementor-section-boxed elementor-section-height-default elementor-section-height-default\" data-id=\"d105e44\" data-element_type=\"section\">\n\t\t\t\t\t\t<div class=\"elementor-container elementor-column-gap-default\">\n\t\t\t\t\t<div class=\"elementor-column elementor-col-100 elementor-top-column elementor-element elementor-element-d15d3be\" data-id=\"d15d3be\" data-element_type=\"column\">\n\t\t\t<div class=\"elementor-widget-wrap elementor-element-populated\">\n\t\t\t\t\t\t<div class=\"elementor-element elementor-element-edbebe6 elementor-widget elementor-widget-heading\" data-id=\"edbebe6\" data-element_type=\"widget\" data-widget_type=\"heading.default\">\n\t\t\t\t<div class=\"elementor-widget-container\">\n\t\t\t\t\t<h2 class=\"elementor-heading-title elementor-size-default\">Consolidado<\/h2>\t\t\t\t<\/div>\n\t\t\t\t<\/div>\n\t\t\t\t<div class=\"elementor-element elementor-element-1b1242d elementor-widget elementor-widget-html\" data-id=\"1b1242d\" data-element_type=\"widget\" data-widget_type=\"html.default\">\n\t\t\t\t<div class=\"elementor-widget-container\">\n\t\t\t\t\t<table class=\"table table_banesprev_maxima\">\n\n    <thead>\n        <tr>\n            <th>INDICADOR<\/th>\n            <th>2025<\/th>\n            <th>2024<\/th>\n            <th>Descri\u00e7\u00e3o<\/th>\n        <\/tr>\n    <\/thead>\n\n    <tbody>\n        <tr>\n            <td>TAXA DE ADMINISTRA\u00c7\u00c3O \/ TOTAL DE PARTICIPANTES E ASSISTIDOS<\/td>\n            <td>R$ 879,66<\/td>\n            <td>R$ 695,50<\/td>\n            <td>Taxa de administra\u00e7\u00e3o sobre o total de participantes e assistidos: representa a parcela revertida para o custeio das despesas operacionais da Entidade per capita.<\/td>\n        <\/tr>\n\n        <tr>\n            <td>TAXA DE ADMINISTRA\u00c7\u00c3O \/ RECURSOS GARANTIDORES DOS PL BENEF\u00cdCIOS<\/td>\n            <td>0,09%<\/td>\n            <td>0,07%<\/td>\n            <td>Taxa de administra\u00e7\u00e3o sobre os recursos garantidores dos pl de benef\u00edcios: representa a parcela revertida para o custeio das despesas operacionais da Entidade sobre os recursos destinados \u00e0 cobertura das provis\u00f5es t\u00e9cnicas e compromissos futuros dos planos de benef\u00edcios.<\/td>\n        <\/tr>\n\n        <tr>\n            <td>DESPESAS ADMINISTRATIVAS TOTAIS \/ TOTAL DE PARTICIPANTES E ASSISTIDOS<\/td>\n            <td>R$ 1.329,27<\/td>\n            <td>R$ 1.236,10<\/td>\n            <td>Despesas administrativas totais sobre o total de participantes e assistidos: representa o total de despesas administrativas per capita.<\/td>\n        <\/tr>\n\n        <tr>\n            <td>DESPESAS ADMINISTRATIVAS TOTAIS \/ RECURSOS GARANTIDORES DOS PL BENEF\u00cdCIOS<\/td>\n            <td>0,14%<\/td>\n            <td>0,13%<\/td>\n            <td>Despesas administrativas totais sobre sobre os recursos garantidores dos pl de benef\u00edcios: representa a proporcionalidade das despesas operacionais da Entidade sobre os recursos destinados \u00e0 cobertura das provis\u00f5es t\u00e9cnicas e compromissos futuros dos planos de benef\u00edcios.<\/td>\n        <\/tr>\n\n        <tr>\n            <td>DESPESAS ADMINISTRATIVAS TOTAIS \/ ATIVO TOTAL<\/td>\n            <td>0,13%<\/td>\n            <td>0,12%<\/td>\n            <td>Despesas administrativas totais sobre o ativo total: representa as despesas operacionais da Entidade sobre o patrim\u00f4nio da Entidade.<\/td>\n        <\/tr>\n\n        <tr>\n            <td>DESPESAS ADMINISTRATIVAS TOTAIS \/ FUNDO ADMINISTRATIVO<\/td>\n            <td>10,60%<\/td>\n            <td>10,54%<\/td>\n            <td>Despesas administrativas totais sobre o fundo administrativo: representa as despesas operacionais da Entidade sobre o patrim\u00f4nio destinado \u00e0 cobertura das despesas administrativas da Entidade.<\/td>\n        <\/tr>\n\n        <tr>\n            <td>DESPESAS ADMINISTRATIVAS TOTAIS \/ RECEITAS ADMINISTRATIVAS TOTAIS<\/td>\n            <td>148,84%<\/td>\n            <td>153,19%<\/td>\n            <td>Despesas administrativas totais sobre as receitas administrativas totais: representa a proporcionalidade das despesas operacionais da Entidade sobre as receitas revertidas para o seu custeio administrativo.<\/td>\n        <\/tr>\n\n        <tr>\n            <td>DESPESAS COM PESSOAL \/ RECEITAS ADMINISTRATIVAS TOTAIS<\/td>\n            <td>52,82%<\/td>\n            <td>50,01%<\/td>\n            <td>Despesas administrativas com pessoal sobre as receitas administrativas totais: representa a proporcionalidade das despesas com pessoal da Entidade sobre as receitas revertidas para o custeio administrativo total.<\/td>\n        <\/tr>\n\n        <tr>\n            <td>DESPESAS COM PESSOAL \/ DESPESAS ADMINISTRATIVAS TOTAIS<\/td>\n            <td>35,49%<\/td>\n            <td>32,64%<\/td>\n            <td>Despesas administrativas com pessoal sobre as despesas administrativas totais: representa a proporcionalidade das despesas com pessoal da Entidade sobre as despesas operacionais da Entidade.<\/td>\n        <\/tr>\n\n        <tr>\n            <td>EVOLU\u00c7\u00c3O DO FUNDO ADMINISTRATIVO<\/td>\n            <td>7,84%<\/td>\n            <td>25,07%<\/td>\n            <td>Evolu\u00e7\u00e3o do Fundo Administrativo: representa a constitui\u00e7\u00e3o\/(-) revers\u00e3o do fundo administrativo no exerc\u00edcio.<\/td>\n        <\/tr>\n    <\/tbody>\n\n<\/table>\t\t\t\t<\/div>\n\t\t\t\t<\/div>\n\t\t\t\t\t<\/div>\n\t\t<\/div>\n\t\t\t\t\t<\/div>\n\t\t<\/section>\n\t\t\t\t<section class=\"elementor-section elementor-top-section elementor-element elementor-element-2090fa2 elementor-section-boxed elementor-section-height-default elementor-section-height-default\" data-id=\"2090fa2\" data-element_type=\"section\">\n\t\t\t\t\t\t<div class=\"elementor-container elementor-column-gap-default\">\n\t\t\t\t\t<div class=\"elementor-column elementor-col-50 elementor-top-column elementor-element elementor-element-98a62a1\" data-id=\"98a62a1\" data-element_type=\"column\">\n\t\t\t<div class=\"elementor-widget-wrap elementor-element-populated\">\n\t\t\t\t\t\t<div class=\"elementor-element elementor-element-a2f1fe4 elementor-widget elementor-widget-heading\" data-id=\"a2f1fe4\" data-element_type=\"widget\" data-widget_type=\"heading.default\">\n\t\t\t\t<div class=\"elementor-widget-container\">\n\t\t\t\t\t<h2 class=\"elementor-heading-title elementor-size-default\">Evolu\u00e7\u00e3o do Fundo Administrativo<\/h2>\t\t\t\t<\/div>\n\t\t\t\t<\/div>\n\t\t\t\t\t<\/div>\n\t\t<\/div>\n\t\t\t\t<div class=\"elementor-column elementor-col-50 elementor-top-column elementor-element elementor-element-ec8d3bc\" data-id=\"ec8d3bc\" data-element_type=\"column\" data-settings=\"{&quot;background_background&quot;:&quot;classic&quot;}\">\n\t\t\t<div class=\"elementor-widget-wrap elementor-element-populated\">\n\t\t\t\t\t<div class=\"elementor-background-overlay\"><\/div>\n\t\t\t\t\t\t<div class=\"elementor-element elementor-element-6751b54 elementor-widget elementor-widget-spacer\" data-id=\"6751b54\" data-element_type=\"widget\" data-widget_type=\"spacer.default\">\n\t\t\t\t<div class=\"elementor-widget-container\">\n\t\t\t\t\t\t\t<div class=\"elementor-spacer\">\n\t\t\t<div class=\"elementor-spacer-inner\"><\/div>\n\t\t<\/div>\n\t\t\t\t\t\t<\/div>\n\t\t\t\t<\/div>\n\t\t\t\t\t<\/div>\n\t\t<\/div>\n\t\t\t\t\t<\/div>\n\t\t<\/section>\n\t\t\t\t<section class=\"elementor-section elementor-top-section elementor-element elementor-element-209f178 table_banesprev_pai elementor-section-boxed elementor-section-height-default elementor-section-height-default\" data-id=\"209f178\" data-element_type=\"section\">\n\t\t\t\t\t\t<div class=\"elementor-container elementor-column-gap-default\">\n\t\t\t\t\t<div class=\"elementor-column elementor-col-100 elementor-top-column elementor-element elementor-element-67d4931\" data-id=\"67d4931\" data-element_type=\"column\">\n\t\t\t<div class=\"elementor-widget-wrap elementor-element-populated\">\n\t\t\t\t\t\t<div class=\"elementor-element elementor-element-199aa19 elementor-widget elementor-widget-heading\" data-id=\"199aa19\" data-element_type=\"widget\" data-widget_type=\"heading.default\">\n\t\t\t\t<div class=\"elementor-widget-container\">\n\t\t\t\t\t<h2 class=\"elementor-heading-title elementor-size-default\">Consolidado<\/h2>\t\t\t\t<\/div>\n\t\t\t\t<\/div>\n\t\t\t\t<div class=\"elementor-element elementor-element-4b5a432 elementor-widget elementor-widget-html\" data-id=\"4b5a432\" data-element_type=\"widget\" data-widget_type=\"html.default\">\n\t\t\t\t<div class=\"elementor-widget-container\">\n\t\t\t\t\t<table class=\"table table_banesprev_maxima\">\n\n    <thead>\n        <tr>\n            <th>Descri\u00e7\u00e3o<\/th>\n            <th>Acumulado do ano<\/th>\n            <th>% sobre o total<\/th>\n        <\/tr>\n    <\/thead>\n\n    <tbody>\n        <tr>\n            <td><strong>FUNDO ADMINISTRADO DO EXERC\u00cdCIO ANTERIOR<\/strong><\/td>\n            <td><strong>315.492.709,66<\/strong><\/td>\n            <td><strong>252.252.872,01<\/strong><\/td>\n        <\/tr>\n\n        <tr>\n            <td>RECEITAS ADMINISTRATIVAS<\/td>\n            <td>24.229.797,27<\/td>\n            <td>21.711.828,60<\/td>\n        <\/tr>\n\n        <tr>\n            <td>FLUXO DOS INVESTIMENTOS<\/td>\n            <td>36.556.354,37<\/td>\n            <td>26.077.450,81<\/td>\n        <\/tr>\n\n        <tr>\n            <td>DESPESAS ADMINISTRATIVAS<\/td>\n            <td>-36.064.557,00<\/td>\n            <td>-33.261.065,36<\/td>\n        <\/tr>\n\n        <tr>\n            <td>CONSTITUI\u00c7\u00c3O\/(-) REVERS\u00c3O DE CONTING\u00caNCIAS ADMINISTRATIVAS<\/td>\n            <td>-<\/td>\n            <td>48.711.623,60<\/td>\n        <\/tr>\n\n        <tr>\n            <td><strong>FUNDO ADMINISTRADO DO EXERC\u00cdCIO ATUAL<\/strong><\/td>\n            <td><strong>340.214.304,30<\/strong><\/td>\n            <td><strong>315.492.709,66<\/strong><\/td>\n        <\/tr>\n    <\/tbody>\n\n<\/table>\t\t\t\t<\/div>\n\t\t\t\t<\/div>\n\t\t\t\t\t<\/div>\n\t\t<\/div>\n\t\t\t\t\t<\/div>\n\t\t<\/section>\n\t\t\t\t<\/div>\n\t\t","protected":false},"excerpt":{"rendered":"<p>Despesas Administrativas Consolidado Descri\u00e7\u00e3o Acumulado do ano % sobre o total DESPESAS 36.064.557,00 100,00% ADMINISTRA\u00c7\u00c3O DOS PLANOS PREVIDENCIAIS 36.064.557,00 100,00% PESSOAL E ENCARGOS 12.798.761,93 35,49% Dirigentes 2.962.506,80 8,21% Pessoal Pr\u00f3prio 9.778.430,99 27,11% Estagi\u00e1rios\/Jovens Aprendizes 46.274,15 0,13% TREINAMENTOS\/CONGRESSOS E SEMIN\u00c1RIOS 165.366,03 0,46% SERVI\u00c7OS DE TERCEIROS 12.823.265,66 35,56% Servi\u00e7os atuariais 2.106.341,56 5,84% Servi\u00e7os jur\u00eddicos 2.857.446,92 7,92% Tecnologia [&hellip;]<\/p>\n","protected":false},"author":1,"featured_media":0,"parent":0,"menu_order":55,"comment_status":"closed","ping_status":"closed","template":"","meta":{"footnotes":""},"class_list":["post-2832","page","type-page","status-publish","hentry"],"acf":[],"_links":{"self":[{"href":"https:\/\/crtpublicidade.com.br\/raibanesprev\/raibanesprev2025\/wp-json\/wp\/v2\/pages\/2832","targetHints":{"allow":["GET"]}}],"collection":[{"href":"https:\/\/crtpublicidade.com.br\/raibanesprev\/raibanesprev2025\/wp-json\/wp\/v2\/pages"}],"about":[{"href":"https:\/\/crtpublicidade.com.br\/raibanesprev\/raibanesprev2025\/wp-json\/wp\/v2\/types\/page"}],"author":[{"embeddable":true,"href":"https:\/\/crtpublicidade.com.br\/raibanesprev\/raibanesprev2025\/wp-json\/wp\/v2\/users\/1"}],"replies":[{"embeddable":true,"href":"https:\/\/crtpublicidade.com.br\/raibanesprev\/raibanesprev2025\/wp-json\/wp\/v2\/comments?post=2832"}],"version-history":[{"count":29,"href":"https:\/\/crtpublicidade.com.br\/raibanesprev\/raibanesprev2025\/wp-json\/wp\/v2\/pages\/2832\/revisions"}],"predecessor-version":[{"id":5837,"href":"https:\/\/crtpublicidade.com.br\/raibanesprev\/raibanesprev2025\/wp-json\/wp\/v2\/pages\/2832\/revisions\/5837"}],"wp:attachment":[{"href":"https:\/\/crtpublicidade.com.br\/raibanesprev\/raibanesprev2025\/wp-json\/wp\/v2\/media?parent=2832"}],"curies":[{"name":"wp","href":"https:\/\/api.w.org\/{rel}","templated":true}]}}