{"id":3159,"date":"2025-04-16T18:45:51","date_gmt":"2025-04-16T21:45:51","guid":{"rendered":"https:\/\/crtpublicidade.com.br\/previcoke\/?page_id=3159"},"modified":"2025-05-05T10:14:17","modified_gmt":"2025-05-05T13:14:17","slug":"atas-das-reunioes","status":"publish","type":"page","link":"https:\/\/crtpublicidade.com.br\/previcoke\/atas-das-reunioes\/","title":{"rendered":"Atas das Reuni\u00f5es"},"content":{"rendered":"\t\t<div data-elementor-type=\"wp-page\" data-elementor-id=\"3159\" class=\"elementor elementor-3159\">\n\t\t\t\t\t\t\t\t\t<section class=\"elementor-section elementor-top-section elementor-element elementor-element-1e974f55 elementor-section-boxed elementor-section-height-default elementor-section-height-default\" data-id=\"1e974f55\" data-element_type=\"section\">\n\t\t\t\t\t\t<div class=\"elementor-container elementor-column-gap-default\">\n\t\t\t\t\t<div class=\"elementor-column elementor-col-100 elementor-top-column elementor-element elementor-element-1a26bdcc\" data-id=\"1a26bdcc\" data-element_type=\"column\">\n\t\t\t<div class=\"elementor-widget-wrap elementor-element-populated\">\n\t\t\t\t\t\t\t\t<div class=\"elementor-element elementor-element-6d87c0f5 elementor-widget__width-auto elementor-view-default elementor-widget elementor-widget-icon\" data-id=\"6d87c0f5\" data-element_type=\"widget\" data-widget_type=\"icon.default\">\n\t\t\t\t<div class=\"elementor-widget-container\">\n\t\t\t\t\t<div class=\"elementor-icon-wrapper\">\n\t\t\t<div class=\"elementor-icon\">\n\t\t\t<svg xmlns=\"http:\/\/www.w3.org\/2000\/svg\" width=\"66\" height=\"56\" viewBox=\"0 0 66 56\" fill=\"none\"><circle cx=\"33.3057\" cy=\"28\" r=\"28\" fill=\"#DCEFE7\"><\/circle><path d=\"M50.233 20.502C50.233 20.502 57.9468 19.6421 60.622 13.3382C63.2348 7.12446 58.7641 0.478311 58.7641 0.478311C58.7641 0.478311 50.3575 2.72075 48.2492 8.92679C45.904 15.8177 50.233 20.502 50.233 20.502Z\" fill=\"#167546\"><\/path><path d=\"M41.5131 34.1728C41.5131 34.1728 40.0344 18.4118 27.2745 12.7319C14.6963 7.18232 0.983983 16.0623 0.983983 16.0623C0.983983 16.0623 5.25731 33.2853 17.8378 37.8058C31.8065 42.8338 41.5131 34.1728 41.5131 34.1728Z\" fill=\"#167546\"><\/path><\/svg>\t\t\t<\/div>\n\t\t<\/div>\n\t\t\t\t<\/div>\n\t\t\t\t<\/div>\n\t\t\t\t<div class=\"elementor-element elementor-element-665a31 elementor-widget__width-auto elementor-widget elementor-widget-heading\" data-id=\"665a31\" data-element_type=\"widget\" data-widget_type=\"heading.default\">\n\t\t\t\t<div class=\"elementor-widget-container\">\n\t\t\t<style>\/*! elementor - v3.11.2 - 22-02-2023 *\/\n.elementor-heading-title{padding:0;margin:0;line-height:1}.elementor-widget-heading .elementor-heading-title[class*=elementor-size-]>a{color:inherit;font-size:inherit;line-height:inherit}.elementor-widget-heading .elementor-heading-title.elementor-size-small{font-size:15px}.elementor-widget-heading .elementor-heading-title.elementor-size-medium{font-size:19px}.elementor-widget-heading .elementor-heading-title.elementor-size-large{font-size:29px}.elementor-widget-heading .elementor-heading-title.elementor-size-xl{font-size:39px}.elementor-widget-heading .elementor-heading-title.elementor-size-xxl{font-size:59px}<\/style><h2 class=\"elementor-heading-title elementor-size-default\">Conselho Deliberativo<\/h2>\t\t<\/div>\n\t\t\t\t<\/div>\n\t\t\t\t\t<\/div>\n\t\t<\/div>\n\t\t\t\t\t\t\t<\/div>\n\t\t<\/section>\n\t\t\t\t<section class=\"elementor-section elementor-top-section elementor-element elementor-element-ec2743e elementor-section-boxed elementor-section-height-default elementor-section-height-default\" data-id=\"ec2743e\" data-element_type=\"section\">\n\t\t\t\t\t\t<div class=\"elementor-container elementor-column-gap-default\">\n\t\t\t\t\t<div class=\"elementor-column elementor-col-100 elementor-top-column elementor-element elementor-element-32d4ec8\" data-id=\"32d4ec8\" data-element_type=\"column\">\n\t\t\t<div class=\"elementor-widget-wrap elementor-element-populated\">\n\t\t\t\t\t\t\t\t<div class=\"elementor-element elementor-element-355ed1d elementor-align-center elementor-widget__width-auto elementor-widget elementor-widget-button\" data-id=\"355ed1d\" data-element_type=\"widget\" data-widget_type=\"button.default\">\n\t\t\t\t<div class=\"elementor-widget-container\">\n\t\t\t\t\t<div class=\"elementor-button-wrapper\">\n\t\t\t<a href=\"https:\/\/crtpublicidade.com.br\/previcoke\/wp-content\/uploads\/2025\/04\/COD.002.2025-Avaliac\u0327a\u0303o-Atuarial-2024.pdf\" target=\"_blank\" class=\"elementor-button-link elementor-button elementor-size-sm\" role=\"button\">\n\t\t\t\t\t\t<span class=\"elementor-button-content-wrapper\">\n\t\t\t\t\t\t<span class=\"elementor-button-text\">Avalia\u00e7\u00e3o Atuarial 2024<\/span>\n\t\t<\/span>\n\t\t\t\t\t<\/a>\n\t\t<\/div>\n\t\t\t\t<\/div>\n\t\t\t\t<\/div>\n\t\t\t\t<div class=\"elementor-element elementor-element-0f88081 elementor-align-center elementor-widget__width-auto elementor-widget elementor-widget-button\" data-id=\"0f88081\" data-element_type=\"widget\" data-widget_type=\"button.default\">\n\t\t\t\t<div class=\"elementor-widget-container\">\n\t\t\t\t\t<div class=\"elementor-button-wrapper\">\n\t\t\t<a href=\"https:\/\/crtpublicidade.com.br\/previcoke\/wp-content\/uploads\/2025\/04\/COD.003.2025-Encerramento-do-Exerci\u0301cio-2024-Demonstrac\u0327o\u0303es-Financeiras.pdf\" target=\"_blank\" class=\"elementor-button-link elementor-button elementor-size-sm\" role=\"button\">\n\t\t\t\t\t\t<span class=\"elementor-button-content-wrapper\">\n\t\t\t\t\t\t<span class=\"elementor-button-text\">Encerramento do Exerc\u00edcio 2024 - Demonstra\u00e7\u00f5es Financeiras<\/span>\n\t\t<\/span>\n\t\t\t\t\t<\/a>\n\t\t<\/div>\n\t\t\t\t<\/div>\n\t\t\t\t<\/div>\n\t\t\t\t\t<\/div>\n\t\t<\/div>\n\t\t\t\t\t\t\t<\/div>\n\t\t<\/section>\n\t\t\t\t<section class=\"elementor-section elementor-top-section elementor-element elementor-element-241de68 elementor-section-boxed elementor-section-height-default elementor-section-height-default\" data-id=\"241de68\" data-element_type=\"section\">\n\t\t\t\t\t\t<div class=\"elementor-container elementor-column-gap-default\">\n\t\t\t\t\t<div class=\"elementor-column elementor-col-100 elementor-top-column elementor-element elementor-element-5684b47\" data-id=\"5684b47\" data-element_type=\"column\">\n\t\t\t<div class=\"elementor-widget-wrap elementor-element-populated\">\n\t\t\t\t\t\t\t\t<div class=\"elementor-element elementor-element-adde59b elementor-widget__width-auto elementor-view-default elementor-widget elementor-widget-icon\" data-id=\"adde59b\" data-element_type=\"widget\" data-widget_type=\"icon.default\">\n\t\t\t\t<div class=\"elementor-widget-container\">\n\t\t\t\t\t<div class=\"elementor-icon-wrapper\">\n\t\t\t<div class=\"elementor-icon\">\n\t\t\t<svg xmlns=\"http:\/\/www.w3.org\/2000\/svg\" width=\"66\" height=\"56\" viewBox=\"0 0 66 56\" fill=\"none\"><circle cx=\"33.3057\" cy=\"28\" r=\"28\" fill=\"#DCEFE7\"><\/circle><path d=\"M50.233 20.502C50.233 20.502 57.9468 19.6421 60.622 13.3382C63.2348 7.12446 58.7641 0.478311 58.7641 0.478311C58.7641 0.478311 50.3575 2.72075 48.2492 8.92679C45.904 15.8177 50.233 20.502 50.233 20.502Z\" fill=\"#167546\"><\/path><path d=\"M41.5131 34.1728C41.5131 34.1728 40.0344 18.4118 27.2745 12.7319C14.6963 7.18232 0.983983 16.0623 0.983983 16.0623C0.983983 16.0623 5.25731 33.2853 17.8378 37.8058C31.8065 42.8338 41.5131 34.1728 41.5131 34.1728Z\" fill=\"#167546\"><\/path><\/svg>\t\t\t<\/div>\n\t\t<\/div>\n\t\t\t\t<\/div>\n\t\t\t\t<\/div>\n\t\t\t\t<div class=\"elementor-element elementor-element-5c009f4 elementor-widget__width-auto elementor-widget elementor-widget-heading\" data-id=\"5c009f4\" data-element_type=\"widget\" data-widget_type=\"heading.default\">\n\t\t\t\t<div class=\"elementor-widget-container\">\n\t\t\t<h2 class=\"elementor-heading-title elementor-size-default\">Conselho Fiscal<\/h2>\t\t<\/div>\n\t\t\t\t<\/div>\n\t\t\t\t\t<\/div>\n\t\t<\/div>\n\t\t\t\t\t\t\t<\/div>\n\t\t<\/section>\n\t\t\t\t<section class=\"elementor-section elementor-top-section elementor-element elementor-element-e0263c8 elementor-section-boxed elementor-section-height-default elementor-section-height-default\" data-id=\"e0263c8\" data-element_type=\"section\">\n\t\t\t\t\t\t<div class=\"elementor-container elementor-column-gap-default\">\n\t\t\t\t\t<div class=\"elementor-column elementor-col-100 elementor-top-column elementor-element elementor-element-f2108f4\" data-id=\"f2108f4\" data-element_type=\"column\">\n\t\t\t<div class=\"elementor-widget-wrap elementor-element-populated\">\n\t\t\t\t\t\t\t\t<div class=\"elementor-element elementor-element-108e9d0 elementor-align-center elementor-widget__width-auto elementor-widget elementor-widget-button\" data-id=\"108e9d0\" data-element_type=\"widget\" data-widget_type=\"button.default\">\n\t\t\t\t<div class=\"elementor-widget-container\">\n\t\t\t\t\t<div class=\"elementor-button-wrapper\">\n\t\t\t<a href=\"https:\/\/crtpublicidade.com.br\/previcoke\/wp-content\/uploads\/2025\/04\/COF.001.2025-Encerramento-do-Exerci\u0301cio-2024.pdf\" target=\"_blank\" class=\"elementor-button-link elementor-button elementor-size-sm\" role=\"button\">\n\t\t\t\t\t\t<span class=\"elementor-button-content-wrapper\">\n\t\t\t\t\t\t<span class=\"elementor-button-text\">Encerramento do Exerc\u00edcio 2024 - Demonstra\u00e7\u00f5es Financeiras<\/span>\n\t\t<\/span>\n\t\t\t\t\t<\/a>\n\t\t<\/div>\n\t\t\t\t<\/div>\n\t\t\t\t<\/div>\n\t\t\t\t\t<\/div>\n\t\t<\/div>\n\t\t\t\t\t\t\t<\/div>\n\t\t<\/section>\n\t\t\t\t\t\t\t<\/div>\n\t\t","protected":false},"excerpt":{"rendered":"<p>Conselho Deliberativo Avalia\u00e7\u00e3o Atuarial 2024 Encerramento do Exerc\u00edcio 2024 &#8211; Demonstra\u00e7\u00f5es Financeiras Conselho Fiscal Encerramento do Exerc\u00edcio 2024 &#8211; Demonstra\u00e7\u00f5es Financeiras<\/p>\n","protected":false},"author":1,"featured_media":0,"parent":0,"menu_order":0,"comment_status":"closed","ping_status":"closed","template":"","meta":{"footnotes":""},"class_list":["post-3159","page","type-page","status-publish","hentry"],"acf":[],"_links":{"self":[{"href":"https:\/\/crtpublicidade.com.br\/previcoke\/wp-json\/wp\/v2\/pages\/3159","targetHints":{"allow":["GET"]}}],"collection":[{"href":"https:\/\/crtpublicidade.com.br\/previcoke\/wp-json\/wp\/v2\/pages"}],"about":[{"href":"https:\/\/crtpublicidade.com.br\/previcoke\/wp-json\/wp\/v2\/types\/page"}],"author":[{"embeddable":true,"href":"https:\/\/crtpublicidade.com.br\/previcoke\/wp-json\/wp\/v2\/users\/1"}],"replies":[{"embeddable":true,"href":"https:\/\/crtpublicidade.com.br\/previcoke\/wp-json\/wp\/v2\/comments?post=3159"}],"version-history":[{"count":21,"href":"https:\/\/crtpublicidade.com.br\/previcoke\/wp-json\/wp\/v2\/pages\/3159\/revisions"}],"predecessor-version":[{"id":3529,"href":"https:\/\/crtpublicidade.com.br\/previcoke\/wp-json\/wp\/v2\/pages\/3159\/revisions\/3529"}],"wp:attachment":[{"href":"https:\/\/crtpublicidade.com.br\/previcoke\/wp-json\/wp\/v2\/media?parent=3159"}],"curies":[{"name":"wp","href":"https:\/\/api.w.org\/{rel}","templated":true}]}}