{"id":3157,"date":"2025-04-16T18:45:40","date_gmt":"2025-04-16T21:45:40","guid":{"rendered":"https:\/\/crtpublicidade.com.br\/previcoke\/?page_id=3157"},"modified":"2025-04-22T14:44:50","modified_gmt":"2025-04-22T17:44:50","slug":"relatorios","status":"publish","type":"page","link":"https:\/\/crtpublicidade.com.br\/previcoke\/relatorios\/","title":{"rendered":"Relat\u00f3rios"},"content":{"rendered":"\t\t<div data-elementor-type=\"wp-page\" data-elementor-id=\"3157\" class=\"elementor elementor-3157\">\n\t\t\t\t\t\t\t\t\t<section class=\"elementor-section elementor-top-section elementor-element elementor-element-50cf1813 elementor-section-boxed elementor-section-height-default elementor-section-height-default\" data-id=\"50cf1813\" data-element_type=\"section\">\n\t\t\t\t\t\t<div class=\"elementor-container elementor-column-gap-default\">\n\t\t\t\t\t<div class=\"elementor-column elementor-col-100 elementor-top-column elementor-element elementor-element-586af746\" data-id=\"586af746\" data-element_type=\"column\">\n\t\t\t<div class=\"elementor-widget-wrap elementor-element-populated\">\n\t\t\t\t\t\t\t\t<div class=\"elementor-element elementor-element-7ed2bad9 elementor-widget__width-auto elementor-view-default elementor-widget elementor-widget-icon\" data-id=\"7ed2bad9\" data-element_type=\"widget\" data-widget_type=\"icon.default\">\n\t\t\t\t<div class=\"elementor-widget-container\">\n\t\t\t\t\t<div class=\"elementor-icon-wrapper\">\n\t\t\t<div class=\"elementor-icon\">\n\t\t\t<svg xmlns=\"http:\/\/www.w3.org\/2000\/svg\" width=\"66\" height=\"56\" viewBox=\"0 0 66 56\" fill=\"none\"><circle cx=\"33.3057\" cy=\"28\" r=\"28\" fill=\"#DCEFE7\"><\/circle><path d=\"M50.233 20.502C50.233 20.502 57.9468 19.6421 60.622 13.3382C63.2348 7.12446 58.7641 0.478311 58.7641 0.478311C58.7641 0.478311 50.3575 2.72075 48.2492 8.92679C45.904 15.8177 50.233 20.502 50.233 20.502Z\" fill=\"#167546\"><\/path><path d=\"M41.5131 34.1728C41.5131 34.1728 40.0344 18.4118 27.2745 12.7319C14.6963 7.18232 0.983983 16.0623 0.983983 16.0623C0.983983 16.0623 5.25731 33.2853 17.8378 37.8058C31.8065 42.8338 41.5131 34.1728 41.5131 34.1728Z\" fill=\"#167546\"><\/path><\/svg>\t\t\t<\/div>\n\t\t<\/div>\n\t\t\t\t<\/div>\n\t\t\t\t<\/div>\n\t\t\t\t<div class=\"elementor-element elementor-element-4f910dc9 elementor-widget__width-initial elementor-widget elementor-widget-heading\" data-id=\"4f910dc9\" data-element_type=\"widget\" data-widget_type=\"heading.default\">\n\t\t\t\t<div class=\"elementor-widget-container\">\n\t\t\t<style>\/*! elementor - v3.11.2 - 22-02-2023 *\/\n.elementor-heading-title{padding:0;margin:0;line-height:1}.elementor-widget-heading .elementor-heading-title[class*=elementor-size-]>a{color:inherit;font-size:inherit;line-height:inherit}.elementor-widget-heading .elementor-heading-title.elementor-size-small{font-size:15px}.elementor-widget-heading .elementor-heading-title.elementor-size-medium{font-size:19px}.elementor-widget-heading .elementor-heading-title.elementor-size-large{font-size:29px}.elementor-widget-heading .elementor-heading-title.elementor-size-xl{font-size:39px}.elementor-widget-heading .elementor-heading-title.elementor-size-xxl{font-size:59px}<\/style><h2 class=\"elementor-heading-title elementor-size-default\">Relat\u00f3rio do auditor independente sobre as demonstra\u00e7\u00f5es cont\u00e1beis<\/h2>\t\t<\/div>\n\t\t\t\t<\/div>\n\t\t\t\t\t<\/div>\n\t\t<\/div>\n\t\t\t\t\t\t\t<\/div>\n\t\t<\/section>\n\t\t\t\t<section class=\"elementor-section elementor-top-section elementor-element elementor-element-3fce0d5 elementor-section-boxed elementor-section-height-default elementor-section-height-default\" data-id=\"3fce0d5\" data-element_type=\"section\">\n\t\t\t\t\t\t<div class=\"elementor-container elementor-column-gap-default\">\n\t\t\t\t\t<div class=\"elementor-column elementor-col-100 elementor-top-column elementor-element elementor-element-cb4cd38\" data-id=\"cb4cd38\" data-element_type=\"column\">\n\t\t\t<div class=\"elementor-widget-wrap elementor-element-populated\">\n\t\t\t\t\t\t\t\t<div class=\"elementor-element elementor-element-174b3dc elementor-widget elementor-widget-text-editor\" data-id=\"174b3dc\" data-element_type=\"widget\" data-widget_type=\"text-editor.default\">\n\t\t\t\t<div class=\"elementor-widget-container\">\n\t\t\t<style>\/*! elementor - v3.11.2 - 22-02-2023 *\/\n.elementor-widget-text-editor.elementor-drop-cap-view-stacked .elementor-drop-cap{background-color:#818a91;color:#fff}.elementor-widget-text-editor.elementor-drop-cap-view-framed .elementor-drop-cap{color:#818a91;border:3px solid;background-color:transparent}.elementor-widget-text-editor:not(.elementor-drop-cap-view-default) .elementor-drop-cap{margin-top:8px}.elementor-widget-text-editor:not(.elementor-drop-cap-view-default) .elementor-drop-cap-letter{width:1em;height:1em}.elementor-widget-text-editor .elementor-drop-cap{float:left;text-align:center;line-height:1;font-size:50px}.elementor-widget-text-editor .elementor-drop-cap-letter{display:inline-block}<\/style>\t\t\t\t<p>Em atendimento \u00e0s exig\u00eancias legais e normativas aplic\u00e1veis \u00e0s entidades fechadas de previd\u00eancia complementar, apresentamos o relat\u00f3rio dos auditores independentes sobre as demonstra\u00e7\u00f5es cont\u00e1beis da Previcoke \u2013 Sociedade de Previd\u00eancia Privada, referentes ao exerc\u00edcio encerrado em 31 de dezembro de 2024. O parecer compreende a an\u00e1lise das demonstra\u00e7\u00f5es cont\u00e1beis consolidadas e individuais por plano de benef\u00edcios, bem como das notas explicativas, atestando a adequa\u00e7\u00e3o das pr\u00e1ticas cont\u00e1beis adotadas e a fidedignidade das informa\u00e7\u00f5es apresentadas.<\/p>\t\t\t\t\t\t<\/div>\n\t\t\t\t<\/div>\n\t\t\t\t\t<\/div>\n\t\t<\/div>\n\t\t\t\t\t\t\t<\/div>\n\t\t<\/section>\n\t\t\t\t<section class=\"elementor-section elementor-top-section elementor-element elementor-element-0f822e2 elementor-section-boxed elementor-section-height-default elementor-section-height-default\" data-id=\"0f822e2\" data-element_type=\"section\">\n\t\t\t\t\t\t<div class=\"elementor-container elementor-column-gap-default\">\n\t\t\t\t\t<div class=\"elementor-column elementor-col-100 elementor-top-column elementor-element elementor-element-53898e3\" data-id=\"53898e3\" data-element_type=\"column\">\n\t\t\t<div class=\"elementor-widget-wrap elementor-element-populated\">\n\t\t\t\t\t\t\t\t<div class=\"elementor-element elementor-element-3626ceb elementor-align-center elementor-widget__width-auto elementor-widget elementor-widget-button\" data-id=\"3626ceb\" data-element_type=\"widget\" data-widget_type=\"button.default\">\n\t\t\t\t<div class=\"elementor-widget-container\">\n\t\t\t\t\t<div class=\"elementor-button-wrapper\">\n\t\t\t<a href=\"https:\/\/crtpublicidade.com.br\/previcoke\/wp-content\/uploads\/2025\/04\/2024_Demonstrac\u0327a\u0303o-Conta\u0301beis-Previcoke-31.03.25-Pa\u0301g-19-1-2-1.pdf\" target=\"_blank\" class=\"elementor-button-link elementor-button elementor-size-sm\" role=\"button\">\n\t\t\t\t\t\t<span class=\"elementor-button-content-wrapper\">\n\t\t\t\t\t\t<span class=\"elementor-button-text\">Relat\u00f3rio do auditor independente na \u00edntegra<\/span>\n\t\t<\/span>\n\t\t\t\t\t<\/a>\n\t\t<\/div>\n\t\t\t\t<\/div>\n\t\t\t\t<\/div>\n\t\t\t\t\t<\/div>\n\t\t<\/div>\n\t\t\t\t\t\t\t<\/div>\n\t\t<\/section>\n\t\t\t\t\t\t\t<\/div>\n\t\t","protected":false},"excerpt":{"rendered":"<p>Relat\u00f3rio do auditor independente sobre as demonstra\u00e7\u00f5es cont\u00e1beis Em atendimento \u00e0s exig\u00eancias legais e normativas aplic\u00e1veis \u00e0s entidades fechadas de previd\u00eancia complementar, apresentamos o relat\u00f3rio dos auditores independentes sobre as demonstra\u00e7\u00f5es cont\u00e1beis da Previcoke \u2013 Sociedade de Previd\u00eancia Privada, referentes ao exerc\u00edcio encerrado em 31 de dezembro de 2024. O parecer compreende a an\u00e1lise das [&hellip;]<\/p>\n","protected":false},"author":1,"featured_media":0,"parent":0,"menu_order":0,"comment_status":"closed","ping_status":"closed","template":"","meta":{"footnotes":""},"class_list":["post-3157","page","type-page","status-publish","hentry"],"acf":[],"_links":{"self":[{"href":"https:\/\/crtpublicidade.com.br\/previcoke\/wp-json\/wp\/v2\/pages\/3157","targetHints":{"allow":["GET"]}}],"collection":[{"href":"https:\/\/crtpublicidade.com.br\/previcoke\/wp-json\/wp\/v2\/pages"}],"about":[{"href":"https:\/\/crtpublicidade.com.br\/previcoke\/wp-json\/wp\/v2\/types\/page"}],"author":[{"embeddable":true,"href":"https:\/\/crtpublicidade.com.br\/previcoke\/wp-json\/wp\/v2\/users\/1"}],"replies":[{"embeddable":true,"href":"https:\/\/crtpublicidade.com.br\/previcoke\/wp-json\/wp\/v2\/comments?post=3157"}],"version-history":[{"count":11,"href":"https:\/\/crtpublicidade.com.br\/previcoke\/wp-json\/wp\/v2\/pages\/3157\/revisions"}],"predecessor-version":[{"id":3275,"href":"https:\/\/crtpublicidade.com.br\/previcoke\/wp-json\/wp\/v2\/pages\/3157\/revisions\/3275"}],"wp:attachment":[{"href":"https:\/\/crtpublicidade.com.br\/previcoke\/wp-json\/wp\/v2\/media?parent=3157"}],"curies":[{"name":"wp","href":"https:\/\/api.w.org\/{rel}","templated":true}]}}