{"id":3048,"date":"2025-04-14T16:23:23","date_gmt":"2025-04-14T19:23:23","guid":{"rendered":"https:\/\/crtpublicidade.com.br\/previcoke\/?page_id=3048"},"modified":"2025-05-05T11:12:59","modified_gmt":"2025-05-05T14:12:59","slug":"notas-explicativas","status":"publish","type":"page","link":"https:\/\/crtpublicidade.com.br\/previcoke\/notas-explicativas\/","title":{"rendered":"Notas Explicativas"},"content":{"rendered":"\t\t<div data-elementor-type=\"wp-page\" data-elementor-id=\"3048\" class=\"elementor elementor-3048\">\n\t\t\t\t\t\t\t\t\t<section class=\"elementor-section elementor-top-section elementor-element elementor-element-6f845167 elementor-section-boxed elementor-section-height-default elementor-section-height-default\" data-id=\"6f845167\" data-element_type=\"section\">\n\t\t\t\t\t\t<div class=\"elementor-container elementor-column-gap-default\">\n\t\t\t\t\t<div class=\"elementor-column elementor-col-100 elementor-top-column elementor-element elementor-element-71aab99b\" data-id=\"71aab99b\" data-element_type=\"column\">\n\t\t\t<div class=\"elementor-widget-wrap elementor-element-populated\">\n\t\t\t\t\t\t\t\t<div class=\"elementor-element elementor-element-5c6aa15e elementor-widget__width-auto elementor-widget-mobile__width-initial elementor-view-default elementor-widget elementor-widget-icon\" data-id=\"5c6aa15e\" data-element_type=\"widget\" data-widget_type=\"icon.default\">\n\t\t\t\t<div class=\"elementor-widget-container\">\n\t\t\t\t\t<div class=\"elementor-icon-wrapper\">\n\t\t\t<div class=\"elementor-icon\">\n\t\t\t<svg xmlns=\"http:\/\/www.w3.org\/2000\/svg\" width=\"66\" height=\"56\" viewBox=\"0 0 66 56\" fill=\"none\"><circle cx=\"33.3057\" cy=\"28\" r=\"28\" fill=\"#DCEFE7\"><\/circle><path d=\"M50.233 20.502C50.233 20.502 57.9468 19.6421 60.622 13.3382C63.2348 7.12446 58.7641 0.478311 58.7641 0.478311C58.7641 0.478311 50.3575 2.72075 48.2492 8.92679C45.904 15.8177 50.233 20.502 50.233 20.502Z\" fill=\"#167546\"><\/path><path d=\"M41.5131 34.1728C41.5131 34.1728 40.0344 18.4118 27.2745 12.7319C14.6963 7.18232 0.983983 16.0623 0.983983 16.0623C0.983983 16.0623 5.25731 33.2853 17.8378 37.8058C31.8065 42.8338 41.5131 34.1728 41.5131 34.1728Z\" fill=\"#167546\"><\/path><\/svg>\t\t\t<\/div>\n\t\t<\/div>\n\t\t\t\t<\/div>\n\t\t\t\t<\/div>\n\t\t\t\t<div class=\"elementor-element elementor-element-15141d73 elementor-widget__width-auto elementor-widget-mobile__width-initial elementor-widget elementor-widget-heading\" data-id=\"15141d73\" data-element_type=\"widget\" data-widget_type=\"heading.default\">\n\t\t\t\t<div class=\"elementor-widget-container\">\n\t\t\t<style>\/*! elementor - v3.11.2 - 22-02-2023 *\/\n.elementor-heading-title{padding:0;margin:0;line-height:1}.elementor-widget-heading .elementor-heading-title[class*=elementor-size-]>a{color:inherit;font-size:inherit;line-height:inherit}.elementor-widget-heading .elementor-heading-title.elementor-size-small{font-size:15px}.elementor-widget-heading .elementor-heading-title.elementor-size-medium{font-size:19px}.elementor-widget-heading .elementor-heading-title.elementor-size-large{font-size:29px}.elementor-widget-heading .elementor-heading-title.elementor-size-xl{font-size:39px}.elementor-widget-heading .elementor-heading-title.elementor-size-xxl{font-size:59px}<\/style><h2 class=\"elementor-heading-title elementor-size-default\">Contexto operacional<\/h2>\t\t<\/div>\n\t\t\t\t<\/div>\n\t\t\t\t\t<\/div>\n\t\t<\/div>\n\t\t\t\t\t\t\t<\/div>\n\t\t<\/section>\n\t\t\t\t<section class=\"elementor-section elementor-top-section elementor-element elementor-element-8f63c3c elementor-section-boxed elementor-section-height-default elementor-section-height-default\" data-id=\"8f63c3c\" data-element_type=\"section\">\n\t\t\t\t\t\t<div class=\"elementor-container elementor-column-gap-default\">\n\t\t\t\t\t<div class=\"elementor-column elementor-col-100 elementor-top-column elementor-element elementor-element-1651903\" data-id=\"1651903\" data-element_type=\"column\">\n\t\t\t<div class=\"elementor-widget-wrap elementor-element-populated\">\n\t\t\t\t\t\t\t\t<div class=\"elementor-element elementor-element-35324b1 elementor-widget elementor-widget-text-editor\" data-id=\"35324b1\" data-element_type=\"widget\" data-widget_type=\"text-editor.default\">\n\t\t\t\t<div class=\"elementor-widget-container\">\n\t\t\t<style>\/*! elementor - v3.11.2 - 22-02-2023 *\/\n.elementor-widget-text-editor.elementor-drop-cap-view-stacked .elementor-drop-cap{background-color:#818a91;color:#fff}.elementor-widget-text-editor.elementor-drop-cap-view-framed .elementor-drop-cap{color:#818a91;border:3px solid;background-color:transparent}.elementor-widget-text-editor:not(.elementor-drop-cap-view-default) .elementor-drop-cap{margin-top:8px}.elementor-widget-text-editor:not(.elementor-drop-cap-view-default) .elementor-drop-cap-letter{width:1em;height:1em}.elementor-widget-text-editor .elementor-drop-cap{float:left;text-align:center;line-height:1;font-size:50px}.elementor-widget-text-editor .elementor-drop-cap-letter{display:inline-block}<\/style>\t\t\t\t<p>A Previcoke &#8211; Sociedade de Previd\u00eancia Privada \u00e9 uma entidade fechada de previd\u00eancia complementar, sem fins lucrativos, com personalidade jur\u00eddica de direito privado da Lei Complementar n\u00ba 109, de 29 de maio de 2001.<\/p><p>\u00a0<\/p><p>O funcionamento da Entidade foi autorizado pela Portaria n\u00ba 4.400 do Minist\u00e9rio da Previd\u00eancia Social\u2013 MPS por prazo indeterminado em outubro de 1988.<\/p><p>\u00a0<\/p><p>A Previcoke possui autonomia administrativa, financeira e patrimonial, tendo por objetivo complementar os benef\u00edcios assegurados pela previd\u00eancia social oficial, e administra 03 planos de benef\u00edcios previdenciais, patrocinados pelas seguintes empresas:<\/p>\t\t\t\t\t\t<\/div>\n\t\t\t\t<\/div>\n\t\t\t\t\t<\/div>\n\t\t<\/div>\n\t\t\t\t\t\t\t<\/div>\n\t\t<\/section>\n\t\t\t\t<section class=\"elementor-section elementor-top-section elementor-element elementor-element-1f880fd8 supertable_coke elementor-section-boxed elementor-section-height-default elementor-section-height-default\" data-id=\"1f880fd8\" data-element_type=\"section\">\n\t\t\t\t\t\t<div class=\"elementor-container elementor-column-gap-default\">\n\t\t\t\t\t<div class=\"elementor-column elementor-col-100 elementor-top-column elementor-element elementor-element-3bcd5299\" data-id=\"3bcd5299\" data-element_type=\"column\">\n\t\t\t<div class=\"elementor-widget-wrap elementor-element-populated\">\n\t\t\t\t\t\t\t\t<div class=\"elementor-element elementor-element-11f71e2f elementor-widget elementor-widget-heading\" data-id=\"11f71e2f\" data-element_type=\"widget\" data-widget_type=\"heading.default\">\n\t\t\t\t<div class=\"elementor-widget-container\">\n\t\t\t<h3 class=\"elementor-heading-title elementor-size-default\">Plano CD<\/h3>\t\t<\/div>\n\t\t\t\t<\/div>\n\t\t\t\t<div class=\"elementor-element elementor-element-5c51b555 elementor-widget elementor-widget-html\" data-id=\"5c51b555\" data-element_type=\"widget\" data-widget_type=\"html.default\">\n\t\t\t\t<div class=\"elementor-widget-container\">\n\t\t\t<table class=\"table tbl_coke\">\n    <thead>\n        <tr>\n            <th>Plano de Benef\u00edcios<\/th>\n            <th>CNPB<\/th>\n            <th>Modalidade<\/th>\n            <th>CNPJ (*)<\/th>\n            <th>Patroc\u00ednio<\/th>\n        <\/tr>\n    <\/thead>\n    <tbody>\n        <tr>\n            <td>Plano de Benef\u00edcios BD Previcoke<\/td>\n            <td>1988.0032-29<\/td>\n            <td>Benef\u00edcio Definido<\/td>\n            <td>48.306.756\/0001-90<\/td>\n            <td rowspan=\"4\">Coca-Cola Ind\u00fastrias Ltda.<br><br>Recofarma Ind\u00fastria do Amazonas Ltda.<br><br>Itacan Refrigerantes Ltda.<br><br>\n            Previcoke Sociedade de Previd\u00eancia Privada<\/td>\n        <\/tr>\n        <tr>\n            <td>Plano de Benef\u00edcios CD Previcoke<\/td>\n            <td>2005.0055-92<\/td>\n            <td>Contribui\u00e7\u00e3o Definida<\/td>\n            <td>48.307.274\/0001-54<\/td>\n        \n        <\/tr>\n        <tr>\n            <td>Plano de Benef\u00edcios CD Previcoke II<\/td>\n            <td>2020.0008-65<\/td>\n            <td>Contribui\u00e7\u00e3o Definida<\/td>\n            <td>48.307.733\/0001-08<\/td>\n\n        <\/tr>\n    <\/tbody>\n<\/table>\t\t<\/div>\n\t\t\t\t<\/div>\n\t\t\t\t<div class=\"elementor-element elementor-element-55ec7805 elementor-widget elementor-widget-text-editor\" data-id=\"55ec7805\" data-element_type=\"widget\" data-widget_type=\"text-editor.default\">\n\t\t\t\t<div class=\"elementor-widget-container\">\n\t\t\t\t\t\t\t<p><sup>(*)<\/sup> Em 28 de junho de 2023 foi publicada a Resolu\u00e7\u00e3o CNPC n\u00ba 57, que altera a Resolu\u00e7\u00e3o CNPC n\u00ba 46, de 1\u00ba de outubro de 2021, e disp\u00f5e sobre as condi\u00e7\u00f5es e os procedimentos para a identifica\u00e7\u00e3o e o cadastramento dos planos de benef\u00edcios no Cadastro Nacional de Planos de Benef\u00edcios e no Cadastro Nacional de Pessoa Jur\u00eddica para fins de operacionaliza\u00e7\u00e3o da independ\u00eancia patrimonial dos planos de benef\u00edcios administrados pelas entidades fechadas de previd\u00eancia complementar.<\/p>\t\t\t\t\t\t<\/div>\n\t\t\t\t<\/div>\n\t\t\t\t\t<\/div>\n\t\t<\/div>\n\t\t\t\t\t\t\t<\/div>\n\t\t<\/section>\n\t\t\t\t<section class=\"elementor-section elementor-top-section elementor-element elementor-element-40593b0 elementor-section-boxed elementor-section-height-default elementor-section-height-default\" data-id=\"40593b0\" data-element_type=\"section\">\n\t\t\t\t\t\t<div class=\"elementor-container elementor-column-gap-default\">\n\t\t\t\t\t<div class=\"elementor-column elementor-col-100 elementor-top-column elementor-element elementor-element-f301d4a\" data-id=\"f301d4a\" data-element_type=\"column\">\n\t\t\t<div class=\"elementor-widget-wrap elementor-element-populated\">\n\t\t\t\t\t\t\t\t<div class=\"elementor-element elementor-element-40efb91 elementor-align-center elementor-widget elementor-widget-button\" data-id=\"40efb91\" data-element_type=\"widget\" data-widget_type=\"button.default\">\n\t\t\t\t<div class=\"elementor-widget-container\">\n\t\t\t\t\t<div class=\"elementor-button-wrapper\">\n\t\t\t<a href=\"https:\/\/crtpublicidade.com.br\/previcoke\/wp-content\/uploads\/2025\/04\/2024_Demonstrac\u0327a\u0303o-Conta\u0301beis-Previcoke-31.03.25-Pa\u0301g-19-_2_-1.pdf\" target=\"_blank\" class=\"elementor-button-link elementor-button elementor-size-sm\" role=\"button\">\n\t\t\t\t\t\t<span class=\"elementor-button-content-wrapper\">\n\t\t\t\t\t\t<span class=\"elementor-button-text\">Clique aqui para acessar as notas explicativas na \u00edntegra<\/span>\n\t\t<\/span>\n\t\t\t\t\t<\/a>\n\t\t<\/div>\n\t\t\t\t<\/div>\n\t\t\t\t<\/div>\n\t\t\t\t\t<\/div>\n\t\t<\/div>\n\t\t\t\t\t\t\t<\/div>\n\t\t<\/section>\n\t\t\t\t\t\t\t<\/div>\n\t\t","protected":false},"excerpt":{"rendered":"<p>Contexto operacional A Previcoke &#8211; Sociedade de Previd\u00eancia Privada \u00e9 uma entidade fechada de previd\u00eancia complementar, sem fins lucrativos, com personalidade jur\u00eddica de direito privado da Lei Complementar n\u00ba 109, de 29 de maio de 2001. \u00a0 O funcionamento da Entidade foi autorizado pela Portaria n\u00ba 4.400 do Minist\u00e9rio da Previd\u00eancia Social\u2013 MPS por prazo [&hellip;]<\/p>\n","protected":false},"author":1,"featured_media":0,"parent":0,"menu_order":0,"comment_status":"closed","ping_status":"closed","template":"","meta":{"footnotes":""},"class_list":["post-3048","page","type-page","status-publish","hentry"],"acf":[],"_links":{"self":[{"href":"https:\/\/crtpublicidade.com.br\/previcoke\/wp-json\/wp\/v2\/pages\/3048","targetHints":{"allow":["GET"]}}],"collection":[{"href":"https:\/\/crtpublicidade.com.br\/previcoke\/wp-json\/wp\/v2\/pages"}],"about":[{"href":"https:\/\/crtpublicidade.com.br\/previcoke\/wp-json\/wp\/v2\/types\/page"}],"author":[{"embeddable":true,"href":"https:\/\/crtpublicidade.com.br\/previcoke\/wp-json\/wp\/v2\/users\/1"}],"replies":[{"embeddable":true,"href":"https:\/\/crtpublicidade.com.br\/previcoke\/wp-json\/wp\/v2\/comments?post=3048"}],"version-history":[{"count":18,"href":"https:\/\/crtpublicidade.com.br\/previcoke\/wp-json\/wp\/v2\/pages\/3048\/revisions"}],"predecessor-version":[{"id":3598,"href":"https:\/\/crtpublicidade.com.br\/previcoke\/wp-json\/wp\/v2\/pages\/3048\/revisions\/3598"}],"wp:attachment":[{"href":"https:\/\/crtpublicidade.com.br\/previcoke\/wp-json\/wp\/v2\/media?parent=3048"}],"curies":[{"name":"wp","href":"https:\/\/api.w.org\/{rel}","templated":true}]}}